 of 31?
False
Is 59 a factor of 694970?
False
Does 362 divide 657030?
True
Does 175 divide 3454850?
True
Is 189249 a multiple of 199?
True
Is 73 a factor of 225335?
False
Is 703709 a multiple of 19?
False
Is 391356 a multiple of 84?
True
Is 753901 a multiple of 1092?
False
Is 24 a factor of 1148400?
True
Does 82 divide 72898?
True
Is 1127 a factor of 3405794?
True
Is 101084 a multiple of 6?
False
Does 18 divide 839160?
True
Is 3557172 a multiple of 82?
False
Is 14206426 a multiple of 696?
False
Does 70 divide 120470?
True
Is 775 a factor of 524675?
True
Is 4985299 a multiple of 33?
False
Is 1441 a factor of 5922510?
True
Does 5 divide 28095?
True
Is 280350 a multiple of 50?
True
Is 156949 a multiple of 13?
True
Is 70 a factor of 1933230?
False
Does 19 divide 1600928?
False
Does 15 divide 2015184?
False
Is 265 a factor of 971196?
False
Is 15542828 a multiple of 476?
True
Is 11 a factor of 34881?
True
Is 324301 a multiple of 7?
False
Is 576621 a multiple of 499?
False
Is 9 a factor of 400491?
True
Is 1181313 a multiple of 13?
False
Does 5 divide 22008335?
True
Does 20 divide 1194210?
False
Does 317 divide 272937?
True
Does 61 divide 7154324?
True
Is 97 a factor of 111155?
False
Does 312 divide 1941235?
False
Is 17009374 a multiple of 46?
True
Is 667332 a multiple of 9?
True
Does 2 divide 1578558?
True
Is 1713032 a multiple of 8?
True
Is 7729364 a multiple of 30?
False
Is 2079440 a multiple of 110?
True
Is 5 a factor of 818377?
False
Is 188784 a multiple of 19?
True
Does 33 divide 231702?
False
Is 1534936 a multiple of 627?
False
Is 9 a factor of 271071?
True
Does 229 divide 2092602?
True
Is 105 a factor of 2968350?
True
Is 12 a factor of 547765?
False
Is 1057 a factor of 4292687?
False
Is 63788 a multiple of 41?
False
Is 29 a factor of 1102?
True
Is 1480040 a multiple of 326?
True
Does 72 divide 439776?
True
Does 23 divide 65102?
False
Is 61649 a multiple of 21?
False
Is 510124 a multiple of 292?
True
Is 113 a factor of 28066?
False
Does 481 divide 487708?
False
Does 14 divide 602448?
True
Is 3712699 a multiple of 43?
False
Does 81 divide 514812?
False
Does 37 divide 1614084?
False
Is 13 a factor of 152087?
True
Does 78 divide 4978116?
True
Is 4 a factor of 289962?
False
Does 18 divide 199454?
False
Does 17 divide 90009?
False
Is 1239708 a multiple of 118?
True
Does 589 divide 15382537?
False
Is 255 a factor of 10188780?
True
Is 3729624 a multiple of 24?
True
Does 2 divide 12164?
True
Is 1437020 a multiple of 130?
True
Does 224 divide 298592?
True
Is 10 a factor of 675822?
False
Is 458181 a multiple of 9?
True
Does 31 divide 1209713?
True
Is 13 a factor of 15373?
False
Does 418 divide 440572?
True
Is 12 a factor of 1403292?
True
Is 11 a factor of 235368?
False
Does 48 divide 11472?
True
Is 4 a factor of 54608?
True
Is 831320 a multiple of 40?
True
Does 69 divide 98601?
True
Is 347 a factor of 3244797?
True
Is 1313286 a multiple of 146?
False
Is 9657432 a multiple of 36?
True
Is 215 a factor of 3581?
False
Is 9 a factor of 3302709?
False
Is 8789084 a multiple of 145?
False
Does 36 divide 182808?
True
Is 16 a factor of 259952?
True
Is 8699002 a multiple of 1001?
False
Is 3134496 a multiple of 16?
True
Is 8 a factor of 151507?
False
Is 1008310 a multiple of 10?
True
Is 5 a factor of 187645?
True
Is 19992 a multiple of 7?
True
Does 2 divide 14814?
True
Is 306345 even?
False
Does 548 divide 1990519?
False
Is 5 a factor of 55495?
True
Is 10 a factor of 10208787?
False
Is 10157495 a multiple of 97?
False
Is 65572 a multiple of 388?
True
Does 925 divide 859845?
False
Is 141080 a multiple of 59?
False
Is 342639 a multiple of 33?
True
Is 22 a factor of 280171?
False
Is 19608 a multiple of 43?
True
Is 4 a factor of 29417?
False
Is 289 a factor of 1635451?
True
Does 25 divide 3070?
False
Is 4970823 a multiple of 828?
False
Does 9 divide 1581032?
False
Is 4903315 a multiple of 37?
False
Is 57 a factor of 155667?
True
Is 2 a factor of 1036160?
True
Is 12 a factor of 406710?
False
Is 229 a factor of 763944?
True
Is 8441749 a multiple of 197?
False
Is 93 a factor of 102393?
True
Is 1792466 a multiple of 26?
True
Is 182858 a multiple of 368?
False
Is 180285 a multiple of 85?
True
Does 10 divide 548638?
False
Does 69 divide 2078073?
True
Does 88 divide 43292?
False
Does 461 divide 8262964?
True
Does 17 divide 62764?
True
Is 14 a factor of 1482362?
True
Does 492 divide 764671?
False
Is 179 a factor of 5377876?
True
Is 2748104 a multiple of 1277?
True
Is 4 a factor of 269420?
True
Does 583 divide 53053?
True
Does 154 divide 628628?
True
Does 13 divide 1245020?
False
Is 773240 a multiple of 104?
True
Is 9 a factor of 12412458?
True
Is 206 a factor of 311884?
True
Is 16 a factor of 331188?
False
Is 154 a factor of 790181?
False
Is 12 a factor of 214020?
True
Does 16 divide 10670448?
True
Does 687 divide 1143167?
False
Is 381187 a multiple of 14?
False
Is 4171650 a multiple of 105?
True
Does 11 divide 12133?
True
Is 95 a factor of 1126415?
True
Is 18 a factor of 146661?
False
Is 538773 a multiple of 223?
False
Is 12 a factor of 2092043?
False
Is 33 a factor of 1336731?
True
Is 3498027 a multiple of 20?
False
Is 42 a factor of 548981?
False
Does 427 divide 449197?
False
Does 194 divide 2463994?
True
Does 397 divide 693028?
False
Does 61 divide 773358?
True
Is 337 a factor of 4200783?
False
Does 10 divide 16974740?
True
Is 1209 a factor of 3616235?
False
Does 12 divide 1167151?
False
Is 71492 a multiple of 61?
True
Is 190 a factor of 110678?
False
Is 29 a factor of 169967?
False
Is 409329 a multiple of 10?
False
Is 255 a factor of 2313229?
False
Is 147 a factor of 541290?
False
Is 24756258 a multiple of 137?
False
Does 289 divide 113415?
False
Is 175044 a multiple of 29?
True
Is 1264122 a multiple of 314?
False
Is 2946680 a multiple of 110?
True
Is 463 a factor of 5580?
False
Is 1010493 a multiple of 33?
True
Is 2 a factor of 23968?
True
Is 22 a factor of 3352580?
True
Is 8599729 a multiple of 60?
False
Is 18 a factor of 974097?
False
Is 9 a factor of 260937?
True
Does 10 divide 242080?
True
Is 4102629 a multiple of 53?
False
Is 15 a factor of 557475?
True
Is 157 a factor of 164527?
False
Is 251890 a multiple of 55?
False
Is 166896 a multiple of 732?
True
Is 18890778 a multiple of 13?
False
Is 15546816 a multiple of 1255?
False
Is 848 a factor of 1157094?
False
Is 74154 a multiple of 34?
True
Is 12136882 a multiple of 127?
True
Is 2 a factor of 64455?
False
Does 44 divide 60704?
False
Does 131 divide 274913?
False
Does 6 divide 150530?
False
Is 236 a factor of 300942?
False
Is 4088 a multiple of 8?
True
Is 63 a factor of 2792795?
False
Is 6690197 a multiple of 17?
True
Is 217 a factor of 1524656?
False
Does 21 divide 8459451?
True
Is 6 a factor of 381732?
True
Is 947676 a multiple of 453?
True
Is 1635240 a multiple of 20?
True
Is 113520 a multiple of 30?
True
Is 223 a factor of 805473?
False
Is 1326848 a multiple of 284?
True
Does 555 divide 8194870?
False
Is 253232 a multiple of 14?
True
Does 16 divide 127104?
True
Is 1388760 a multiple of 20?
True
Is 623 a factor of 973147?
False
Does 138 divide 499715?
False
Is 3392920 a multiple of 228?
False
Does 124 divide 613464?
False
Is 114000 a multiple of 40?
True
Is 371685 a multiple of 170?
False
Is 26 a factor of 11268?
False
Is 111 a factor of 8637687?
True
Does 221 divide 575541?
False
Does 202 divide 1272802?
True
Is 348 a factor of 8547228?
True
Is 15796 a multiple of 106?
False
Is 212275 a multiple of 25?
True
Is 96012 a multiple of 103?
False
Is 52 a factor of 10109?
False
Is 235230 a multiple of 30?
True
Is 3508842 a multiple of 113?
False
Does 16 divide 2970880?
True
Is 99 a factor of 1432935?
False
Is 115036 a multiple of 22?
False
Is 1710798 a multiple of 114?
True
Is 5297857 a multiple of 130?
False
Is 9 a factor of 4079566?
False
Is 104 a factor of 29120?
True
Is 2772478 a multiple of 62?
False
Is 153944 a multiple of 14?
True
Is 478405 a multiple of 191?
False
Is 290692 a multiple of 148?
False
Is 266 a factor of 744534?
True
Is 209 a factor of 2682097?
True
Is 1266444 a multiple of 22?
False
Is 11522113 a multiple of 34?
False
Is 1016225 a multiple of 9?
False
Does 12 divide 30562?
False
Is 402515 a multiple of 223?
True
Does 254 divide 4424613?
False
Is 11 a factor of 1216658?
False
Does 582 divide 3839